is 3116278 (base 9) in base 2?
110010110011000011100
What is -270da (base 14) in base 10?
-96232
Convert -1221110122112 (base 3) to base 10.
-1032737
-101642 (base 10) to base 13
-37358
-345024 (base 8) to base 7
-665614
Convert a963cc (base 16) to base 9.
22788801
11b0221 (base 13) to base 11
31257aa
Convert 20667327 (base 9) to base 14.
1475797
Convert 114221003 (base 5) to base 10.
538878
Convert -101010000001101100001 (base 2) to base 9.
-2528044
-2122221 (base 3) to base 7
-5443
-1b01d (base 15) to base 16
-156e2
Convert -18a9105 (base 11) to base 12.
-10b2670
Convert -12352203 (base 7) to base 2.
-100010001111100000110
What is -1000101101001101110000 (base 2) in base 10?
-2282352
What is -10010110000000010000 (base 2) in base 3?
-1011012211011
Convert 1430454 (base 7) to base 15.
3beb0
Convert -18b15c (base 14) to base 15.
-124694
What is 1a51038 (base 11) in base 9?
6447560
Convert -1001332130 (base 4) to base 16.
-41f9c
What is -1a5c (base 16) in base 9?
-10227
10100101111011001110011 (base 2) to base 13
11849b1
761100 (base 8) to base 5
31121103
5bfcd (base 16) to base 13
102662
What is 31231131 (base 6) in base 12?
3784a7
What is -174233 (base 12) in base 3?
-202101101010
-111011021 (base 3) to base 7
-36652
Convert -212022000 (base 3) to base 11.
-1183a
Convert -a2a3b (base 12) to base 9.
-353202
Convert -b2aa2 (base 13) to base 15.
-64de2
Convert b29f0 (base 16) to base 13.
1c8025
What is -38353 (base 9) in base 4?
-12103032
Convert -1532015 (base 7) to base 16.
-332b1
-404301023 (base 5) to base 3
-10002001010112
What is -101222111200212 (base 3) in base 2?
-10110010000110101111010
What is -24262a3 (base 12) in base 15?
-939cec
What is 101010010010110001111 (base 2) in base 10?
1385871
1805b (base 16) to base 12
48b37
What is 15590 (base 13) in base 16?
9e3c
What is 1056126 (base 9) in base 3?
1001220010220
What is -10323112443 (base 5) in base 2?
-101010100000111000101100
Convert -87db41 (base 15) to base 11.
-3723399
Convert 15103521 (base 6) to base 7.
4302244
-631000 (base 9) to base 13
-101727
Convert -36332 (base 9) to base 11.
-17308
Convert -75c9 (base 13) to base 5.
-1011024
Convert 10110100101111110001 (base 2) to base 14.
153b33
-4432310 (base 5) to base 14
-201c9
1262126 (base 7) to base 6
3322252
Convert -8512 (base 9) to base 12.
-3748
What is 1044502 (base 6) in base 5?
3143021
What is 1122201000000 (base 3) in base 15?
125aa3
11011100100010110 (base 2) to base 9
181804
22710203 (base 8) to base 5
2231432240
Convert 12898383 (base 10) to base 6.
1140242423
What is 1bbb9 (base 12) in base 15?
c449
Convert -145800 (base 14) to base 16.
-ac8d8
Convert -425862 (base 9) to base 5.
-31104132
What is a9611 (base 14) in base 12?
179367
77723 (base 16) to base 3
220212010102
-769c4 (base 13) to base 9
-356565
1010110001001100011 (base 2) to base 10
352867
-4021430 (base 7) to base 12
-1ab532
What is -7ca20b (base 13) in base 9?
-5516876
What is 340123000 (base 5) in base 2?
101101011100011100101
Convert -11433213 (base 5) to base 11.
-7461a
Convert 4578450 (base 9) to base 8.
11336261
-549d2 (base 16) to base 9
-577366
Convert -1ca2c62 (base 13) to base 9.
-20012583
What is 14ba63 (base 14) in base 4?
2300230013
What is -227b02 (base 13) in base 16?
-c7734
-648132 (base 9) to base 2
-1011110010110110000
-1000011011 (base 5) to base 14
-38c0ad
Convert 1368547 (base 9) to base 7.
6260635
2ab27d (base 14) to base 9
2721515
-23231010 (base 4) to base 15
-e310
What is -122a02 (base 15) in base 6?
-30350015
What is -10432123331 (base 5) in base 2?
-101100001111101011111111
Convert -254246 (base 10) to base 2.
-111110000100100110
What is -38c30 (base 14) in base 4?
-202011022
What is -101222021112 (base 3) in base 13?
-77405
Convert bed2d (base 16) to base 14.
164bb7
Convert -63960 (base 13) to base 5.
-21221211
What is -82671 (base 13) in base 16?
-39204
Convert 100111110101101101 (base 2) to base 8.
476555
What is 4251144 (base 7) in base 2?
1111110001000011111
What is 3580287 (base 12) in base 10?
10368391
3792082 (base 11) to base 4
121011212301
113000031022 (base 4) to base 9
12310731
What is -34102265 (base 7) in base 5?
-1224140423
Convert -22332044 (base 8) to base 14.
-8da416
What is 12153421 (base 6) in base 4?
1132303111
Convert 430321 (base 6) to base 5.
2110423
Convert 35d117 (base 14) to base 9.
3415875
182177 (base 10) to base 11
114966
What is -7574043 (base 8) in base 2?
-111101111100000100011
Convert -1071054 (base 8) to base 10.
-291372
Convert 11440600 (base 7) to base 10.
1018318
-17267756 (base 8) to base 14
-76b486
What is -184755 (base 12) in base 2?
-1100111001100110001
-2570 (base 8) to base 15
-635
What is 144221 (base 9) in base 14?
242d8
142421102 (base 5) to base 15
ebaa2
Convert 123531505 (base 6) to base 15.
32cc35
Convert 10354363 (base 7) to base 2.
11011000101011101101
33213321301 (base 4) to base 14
7887cd
Convert -2222224 (base 6) to base 14.
-2cb44
Convert -41861 (base 12) to base 10.
-85897
-302000 (base 6) to base 11
-16940
355303 (base 7) to base 12
31257
2b1aa3 (base 16) to base 15
3abee7
What is 19f15 (base 16) in base 12?
515b1
Convert -1135465 (base 7) to base 2.
-100011000100000001
1112540 (base 7) to base 13
4a963
2001964 (base 10) to base 5
1003030324
Convert -1478954 (base 10) to base 12.
-5b3a62
Convert 300c11 (base 13) to base 10.
1115921
Convert 5523881 (base 10) to base 9.
11348305
What is -9d862 (base 15) in base 16?
-7a690
Convert 57537c (base 15) to base 14.
7a73db
-39b20 (base 15) to base 6
-3543203
-1102210210000 (base 3) to base 13
-209892
Convert -90809 (base 12) to base 14.
-4c613
What is -c56513 (base 13) in base 15?
-61195e
Convert -4a6215 (base 13) to base 2.
-110110011101000000000
Convert 10201202222 (base 3) to base 16.
11efa
What is 14682 (base 13) in base 5?
2212334
63165330 (base 7) to base 5
2330433201
Convert 43354301 (base 6) to base 12.
522991
What is 12001010021 (base 3) in base 16?
183a0
What is 100001010100000000 (base 2) in base 10?
136448
Convert 62448 (base 9) to base 14.
11024
788256 (base 9) to base 13
136a22
What is 31100321030 (base 4) in base 16?
350e4c
-120102120110 (base 3) to base 9
-512513
What is -2327370 (base 9) in base 3?
-2100221102100
-10003041 (base 7) to base 13
-22b43b
Convert -305132 (base 6) to base 15.
-73ae
What is 202845 (base 10) in base 8?
614135
What is 101000111110011011 (base 2) in base 6?
3333003
What is 1b3269 (base 13) in base 2?
10101001000100000000
-267580 (base 9) to base 15
-33499
What is -1341310112 (base 5) in base 8?
-15153765
151030150 (base 6) to base 8
13741062
Convert -11100110001001110100010 (base 2) to base 3.
-112012011012222
What is -1111110010010000100 (base 2) in base 7?
-4253011
-214453 (base 6) to base 3
-220112120
What is 224299 (base 16) in base 10?
2245273
13024343 (base 5) to base 9
213002
Convert 123231222 (base 4) to base 9.
182636
-45235 (base 14) to base 15
-34ad3
260431 (base 7) to base 11
33273
What is 110000101010111011110 (base 2) in base 4?
12011113132
What is -1454858 (base 10) in base 2?
-101100011001100001010
Convert 1266aa8 (base 15) to base 6.
1151404435
What is 11001011111101100111110 (base 2) in base 6?
355125530
Convert -7713735 (base 8) to base 5.
-1012223433
Convert -32222013 (base 5) to base 4.
-1002233213
Convert -10771340 (base 8) to base 2.
-1000111111001011100000
-1142434042 (base 5) to base 12
-aa3a79
What is -376 (base 12) in base 16?
-20a
-242065 (base 8) to base 12
-40045
Convert 22322443 (base 8) to base 9.
10065520
743a81 (base 11) to base 2
100100010110100101101
What is 520929 (base 10) in base 3?
222110120200
Convert 36704d (base 16) to base 12.
1240779
Convert -14140107 (base 8) to base 12.
-10a0b1b
Convert -101101111100101000110 (base 2) to base 15.
-1eb18b
-14d51 (base 15) to base 12
-32a1a
de3 (base 16) to base 6
24243
b68d76 (base 16) to base 14
1835d8a
2dd2 (base 15) to base 10
9872
What is 1132301221 (base 4) in base 12?
1687a1
-123121222 (base 4) to base 12
-54b4a
Convert 11131322321 (base 4) to base 10.
1433273
What is 543742 (base 9) in base 8?
1171271
-10808b (base 14) to base 16
-88b1b
Convert 3444204131 (base 5) to base 4.
131301030102
Convert -132747 (base 8) to base 2.
-1011010111100111
63883 (base 12) to base 13
47736
What is -20100212122201 (base 3